. Let i(y) = -y**2 - 8 + 8*y**2 + 9*y - z*y**2. Let j be i(-8). What is the greatest common factor of 192 and j?
48
Let j(m) = -13*m - 52. Let h be j(-4). Suppose h = 34*x - 10*x - 384. Calculate the highest common divisor of x and 4.
4
Suppose -616 = -i - 4*r, -1819 - 609 = -4*i + 2*r. What is the greatest common factor of i and 64?
32
Suppose 0 = -5*n - 4*t + 766, 21*n - 3*t - 738 = 16*n. Calculate the highest common factor of 1515 and n.
15
Suppose -17*z - 200 = -19*z - x, 2*z - 188 = -4*x. Suppose 16 = i - 5*g, -i + 5*i = -g + 22. What is the greatest common divisor of i and z?
6
Suppose 54*f - 8874 = -120*f. Calculate the highest common divisor of 3723 and f.
51
Let m(l) = 3*l - 41. Let v be m(-7). Let j = 172 - v. Calculate the greatest common divisor of 130 and j.
26
Suppose 2*q + 3*j - 151 = 0, q - 272 = -4*j - 199. Suppose 6*s = s + 395. Let x = s - q. What is the highest common divisor of x and 1?
1
Suppose 9*q - 7277 + 1445 = 0. Calculate the greatest common factor of 54 and q.
54
Suppose 0 = -0*o - o + 65. Let c = 63 - o. Let i be 2/((-20)/11 + c/(-1)). Calculate the highest common factor of i and 176.
11
Suppose 2*j + 4*y - 5 = 15, -4*j - y + 47 = 0. Suppose 5*q - b = 9, -121*q + 39 = -118*q + 5*b. Calculate the highest common divisor of q and j.
3
Let j(i) = -i**2 - 2*i + 29. Let b be (-3 + 3 + 4 + -2)*2. Let v = b - 4. Let w be j(v). What is the greatest common divisor of w and 58?
29
Suppose -3844 = 219*x - 19498 - 11502. Calculate the greatest common divisor of x and 4588.
124
Let s = 1014 + -926. Calculate the greatest common divisor of 1474 and s.
22
Let f be 68/(-7) - 92/322. Let q be 68*((f - -7) + 4). Calculate the greatest common factor of 170 and q.
34
Suppose 5*g - 223136 = -33*g. Calculate the highest common factor of 16 and g.
16
Let w be (2 - -1)/((-208)/16 + 13535/1040). Calculate the highest common factor of w and 1136.
16
Let p be -6 - (78/104)/(4/(-384)). Calculate the greatest common factor of 4664 and p.
22
Suppose -8 = -11*t + 7*t. Suppose -4*h + 2 = -3*v, 5*h - t*v + 1 = 7. Let z be ((-98)/(-4))/7*h. Calculate the greatest common divisor of 28 and z.
7
Let o = -41 + 46. Suppose 0*n = -o*n + 5. Suppose 0 = -2*s + 1 + 1, 4*z - 5 = -s. What is the greatest common divisor of z and n?
1
Let b = 18 + -17. Let w(v) = 3*v. Let f be w(b). Suppose -56 + 11 = -f*g. Calculate the highest common factor of g and 6.
3
Suppose 0 = -27*m + 46*m - 11248. What is the greatest common factor of m and 16?
16
Suppose 1704*p - 1709*p = 2*k - 20449, -12254 = -3*p + k. What is the highest common factor of p and 134?
67
Let q = 848 + -845. Let x(k) = 5*k**2 - 8*k + 3. Let n be x(q). Calculate the greatest common divisor of n and 16.
8
Let g(t) = 15*t**2 - 5*t - 11. Let f be g(-4). Let m = f - 200. Calculate the highest common divisor of 7 and m.
7
Suppose 5*r + 7*a = 178, -158 = -4*r - 6*a + 3*a. Suppose 0 = -4*l + 43 + 353. What is the greatest common divisor of r and l?
11
Let u = -3506 - -3572. Suppose -2*s = 3*n - 505, 2*n = 2*s + 300 + 20. What is the highest common divisor of u and n?
33
Suppose -460*v + 5997 - 581 = -4244. Let c(y) = 2*y - 9. Let k be c(6). What is the highest common factor of k and v?
3
Let j be (-10)/(-4)*24/15 - 2. Suppose -d + 99 = -j*t + 7*t, 0 = 4*d - 16. What is the greatest common divisor of 1 and t?
1
Let a(l) = l**2 + 2*l - 59. Let d be a(-9). Suppose -57 = -4*t + 5*w + 30, d*w - 76 = -2*t. Calculate the greatest common factor of t and 42.
14
Let l = -9 + 49. Suppose 0 = 8*r - 145 + 9 - 88. Calculate the highest common factor of l and r.
4
Suppose 0 = 125*x - 122*x + 2*u - 2958, 5*x + 2*u = 4922. Calculate the highest common divisor of x and 2.
2
Suppose 0 = -r + 52 - 42. Suppose -r = -2*q, -5*n + 18*q - 22*q = -500. Calculate the highest common divisor of 384 and n.
96
Let m = 39 - 5. Suppose -34*k + 126 + 2082 = 242*k. Calculate the highest common divisor of m and k.
2
Let h be 0/(6/3 - 0)*1. Let v be (h + 224/40)*(-15)/(-6). Let x(a) = a**2 - 2*a + 4. Let g be x(3). Calculate the highest common factor of v and g.
7
Suppose -5*d = 0, -9*s + 6*s + 81 = d. Calculate the greatest common divisor of s and 22.
1
Let s(j) = 8*j + 37. Suppose 6*h = 8*h + 8. Let u be s(h). What is the greatest common divisor of 95 and u?
5
Suppose -138*g = -140*g - 2*p + 12, 5*g = -p + 34. What is the greatest common divisor of 17087 and g?
7
Suppose -v - 5*d + 385 = 0, 3*v = -34*d + 32*d + 1194. Calculate the greatest common factor of 2650 and v.
50
Let z = 407 - 407. Suppose -j - 5*i + 938 = z, 5*j = i - 481 + 5067. Calculate the greatest common factor of j and 34.
34
Let r = -5 - -3. Let g(j) = 21*j**3 + 77*j**3 + 2 - 116*j**3 + j. Let s be g(r). What is the highest common factor of s and 16?
16
Suppose 1699*b - 1685*b = 69650. What is the highest common factor of 25 and b?
25
Suppose 0 = -5*r - h + 81, -3*r + 6*r - 43 = -2*h. Let q be (-11 - -6) + -3*365/(-15). What is the highest common factor of r and q?
17
Let r be -3 + (-22)/(-8) + 11709/4. Suppose -r + 155 = -18*g. Calculate the greatest common factor of 66 and g.
22
Let u(t) = -t**3 + 39*t**2 + 2*t - 81. Let l be u(39). Let q be l*93/62*220/(-9). Calculate the highest common divisor of 50 and q.
10
Let i be 6/1 + (8 - -284). Let w = i - 224. What is the highest common divisor of w and 2?
2
Let r = 2173 - -1367. What is the greatest common divisor of r and 60?
60
Suppose 20*o + 27 = 247. Suppose 0 = -4*v + 8, -o*v + 60 = 2*j - 9*v. Let g = 54 - 26. What is the highest common factor of j and g?
28
Let l = 8 + 62. Suppose 0 = 5*w, -17*w = 17*j - 18*w - 340. What is the greatest common divisor of j and l?
10
Let f be 98 + 29 - (-4 + -1). Calculate the greatest common factor of f and 3300.
132
Let w(v) = 200*v - 168. Let p be w(13). What is the greatest common divisor of 32 and p?
32
Let y be (-2)/(-8) - (-354)/24. Suppose -q + 57 = u, q + 3*q - 252 = 4*u. Calculate the greatest common divisor of q and y.
15
Let p(k) = 5*k**2 + 8*k - 3*k + 15 - 21. Let f be p(-6). Calculate the greatest common divisor of f and 48.
48
Let o(z) = -25*z - 170. Let h be o(0). Let l = 206 + h. Calculate the greatest common factor of 60 and l.
12
Let r(p) = -p + 14. Let w be r(4). Suppose -6*c + 92 = -w. Let z = c - 5. Calculate the greatest common factor of 12 and z.
12
Suppose 7*n = 5*c + 4*n - 4751, -15 = -5*n. Suppose z - c = -6*z. Suppose -17 = -2*u + u. What is the greatest common divisor of u and z?
17
Suppose -5*o + 2104 + 188 = w, -4*o - 3*w + 1827 = 0. Let n be 161/1380 - (-3)/(-15) - (-3678)/72. What is the greatest common divisor of n and o?
51
Let q = -2286 - -7382. What is the greatest common factor of q and 42?
14
Let f(s) = s**2 - 3*s - 413. Let i be f(-19). What is the highest common divisor of 55 and i?
5
Let d(q) = 3*q**3 - 32*q**2 + 21*q - 290. Let z be d(11). Let y = 60 + -29. What is the highest common factor of y and z?
31
Let y = 2300 + -1285. Let f = -1492 + y. Let q = f + 796. What is the greatest common factor of q and 29?
29
Let w be (-50 - -38)*4*-114. What is the greatest common factor of 2 and w?
2
Let d = -24457 - -25251. Calculate the greatest common divisor of d and 18.
2
Let x(p) = -p**2 - 8*p - 5. Suppose 8*r - 78 = 2*r. Suppose -r*t - 12 = -11*t. Let j be x(t). Calculate the highest common factor of 28 and j.
7
Let q = 11081 - 11029. What is the greatest common divisor of q and 169?
13
Suppose 28*s - 19*s = 36. Suppose -s*j + 5 = -459. What is the highest common factor of j and 145?
29
Suppose 12*g - 1214 = -386. What is the greatest common divisor of 46 and g?
23
Let w(u) = 4*u**2 - u. Let c be w(-1). Let t = 926 + -811. What is the greatest common divisor of t and c?
5
Suppose 42*i + 3*o = 44*i - 22, -6 = -3*o. Suppose v + 2*d = 10, v = -2*v - 2*d + 42. Let z = v - -19. Calculate the greatest common factor of z and i.
7
Let d be 52/14 + (-6)/(-21). Suppose d*m - 1080 = -0*m + 4*p, 3*m - p = 820. Let n = 43 - 18. Calculate the greatest common divisor of m and n.
25
Let u(x) = 3*x + 7. Let z be u(5). Let j(b) = 161*b - 1192. Let s be j(10). What is the highest common divisor of s and z?
22
Suppose -2*c + 316 = 4*h, 5*h - 78*c = -80*c + 393. Calculate the highest common factor of h and 33.
11
Suppose 6*l - 3*l - 207 = 0. Suppose 4*b + 2*o - 466 = 0, -4